{"id":759,"date":"2025-07-29T17:23:59","date_gmt":"2025-07-29T13:23:59","guid":{"rendered":"https:\/\/zegoodframe.re\/?page_id=759"},"modified":"2025-11-19T00:35:28","modified_gmt":"2025-11-18T20:35:28","slug":"mentions-legales","status":"publish","type":"page","link":"https:\/\/zegoodframe.re\/index.php\/mentions-legales\/","title":{"rendered":"Mentions L\u00e9gales"},"content":{"rendered":"\n<h2 class=\"wp-block-heading\">1. \u00c9diteur du site<\/h2>\n\n\n\n<p>Le pr\u00e9sent site est \u00e9dit\u00e9 par :<br><strong>Nom ou raison sociale<\/strong> : THERY<strong> <\/strong>THERY<strong> <\/strong>ETHEVE<br><strong>Forme juridique<\/strong> : Entrepreneur<strong> <\/strong>individuel<br><strong>Num\u00e9ro SIRET ou RCS<\/strong> : 91380078500010<br><strong>Responsable de la publication<\/strong> : ETHEVE Th\u00e9ry<br><\/p>\n\n\n\n<h2 class=\"wp-block-heading\">2. H\u00e9bergement<\/h2>\n\n\n\n<p>Le site est h\u00e9berg\u00e9 par :<br><strong>Nom de l\u2019h\u00e9bergeur<\/strong> : OVH<br><strong>Adresse postale de l\u2019h\u00e9bergeur<\/strong> : Si\u00e8ge social : 2 rue Kellermann &#8211; 59100 Roubaix &#8211; France<br><strong>Site web de l\u2019h\u00e9bergeur<\/strong> : <a href=\"https:\/\/www.ovhcloud.com\/\">https:\/\/www.ovhcloud.com\/<\/a><\/p>\n\n\n\n<h2 class=\"wp-block-heading\">3. Propri\u00e9t\u00e9 intellectuelle<\/h2>\n\n\n\n<p>Tous les \u00e9l\u00e9ments du site (textes, images, logos, vid\u00e9os, design, etc.) sont prot\u00e9g\u00e9s par le droit d\u2019auteur.<br>Toute reproduction, repr\u00e9sentation ou diffusion, m\u00eame partielle, est interdite sans autorisation pr\u00e9alable.<\/p>\n\n\n\n<h2 class=\"wp-block-heading\">4. Donn\u00e9es personnelles<\/h2>\n\n\n\n<p>Des donn\u00e9es personnelles peuvent \u00eatre collect\u00e9es via ce site (formulaire de contact, inscription \u00e0 une newsletter, etc.).<br>Pour plus d\u2019informations, veuillez consulter la politique de confidentialit\u00e9.<\/p>\n\n\n\n<p><\/p>\n","protected":false},"excerpt":{"rendered":"<p>1. \u00c9diteur du site Le pr\u00e9sent site est \u00e9dit\u00e9 par :Nom ou raison sociale : THERY THERY ETHEVEForme juridique : Entrepreneur individuelNum\u00e9ro SIRET ou RCS : 91380078500010Responsable de la publication : ETHEVE Th\u00e9ry 2. H\u00e9bergement Le site est h\u00e9berg\u00e9 par :Nom de l\u2019h\u00e9bergeur : OVHAdresse postale de l\u2019h\u00e9bergeur : Si\u00e8ge social : 2 rue Kellermann [&hellip;]<\/p>\n","protected":false},"author":1,"featured_media":0,"parent":0,"menu_order":0,"comment_status":"closed","ping_status":"closed","template":"","meta":{"footnotes":""},"class_list":["post-759","page","type-page","status-publish","hentry"],"yoast_head":"<!-- This site is optimized with the Yoast SEO plugin v25.6 - https:\/\/yoast.com\/wordpress\/plugins\/seo\/ -->\n<title>Mentions L\u00e9gales - ZegoodFrame<\/title>\n<meta name=\"robots\" content=\"index, follow, max-snippet:-1, max-image-preview:large, max-video-preview:-1\" \/>\n<link rel=\"canonical\" href=\"https:\/\/zegoodframe.re\/index.php\/mentions-legales\/\" \/>\n<meta property=\"og:locale\" content=\"fr_FR\" \/>\n<meta property=\"og:type\" content=\"article\" \/>\n<meta property=\"og:title\" content=\"Mentions L\u00e9gales - ZegoodFrame\" \/>\n<meta property=\"og:description\" content=\"1. \u00c9diteur du site Le pr\u00e9sent site est \u00e9dit\u00e9 par :Nom ou raison sociale : THERY THERY ETHEVEForme juridique : Entrepreneur individuelNum\u00e9ro SIRET ou RCS : 91380078500010Responsable de la publication : ETHEVE Th\u00e9ry 2. H\u00e9bergement Le site est h\u00e9berg\u00e9 par :Nom de l\u2019h\u00e9bergeur : OVHAdresse postale de l\u2019h\u00e9bergeur : Si\u00e8ge social : 2 rue Kellermann [&hellip;]\" \/>\n<meta property=\"og:url\" content=\"https:\/\/zegoodframe.re\/index.php\/mentions-legales\/\" \/>\n<meta property=\"og:site_name\" content=\"ZegoodFrame\" \/>\n<meta property=\"article:modified_time\" content=\"2025-11-18T20:35:28+00:00\" \/>\n<meta property=\"og:image\" content=\"https:\/\/zegoodframe.re\/wp-content\/uploads\/2025\/03\/logo_noir.png\" \/>\n\t<meta property=\"og:image:width\" content=\"875\" \/>\n\t<meta property=\"og:image:height\" content=\"445\" \/>\n\t<meta property=\"og:image:type\" content=\"image\/png\" \/>\n<meta name=\"twitter:card\" content=\"summary_large_image\" \/>\n<meta name=\"twitter:label1\" content=\"Dur\u00e9e de lecture estim\u00e9e\" \/>\n\t<meta name=\"twitter:data1\" content=\"1 minute\" \/>\n<script type=\"application\/ld+json\" class=\"yoast-schema-graph\">{\"@context\":\"https:\/\/schema.org\",\"@graph\":[{\"@type\":\"WebPage\",\"@id\":\"https:\/\/zegoodframe.re\/index.php\/mentions-legales\/\",\"url\":\"https:\/\/zegoodframe.re\/index.php\/mentions-legales\/\",\"name\":\"Mentions L\u00e9gales - ZegoodFrame\",\"isPartOf\":{\"@id\":\"https:\/\/zegoodframe.re\/#website\"},\"datePublished\":\"2025-07-29T13:23:59+00:00\",\"dateModified\":\"2025-11-18T20:35:28+00:00\",\"breadcrumb\":{\"@id\":\"https:\/\/zegoodframe.re\/index.php\/mentions-legales\/#breadcrumb\"},\"inLanguage\":\"fr-FR\",\"potentialAction\":[{\"@type\":\"ReadAction\",\"target\":[\"https:\/\/zegoodframe.re\/index.php\/mentions-legales\/\"]}]},{\"@type\":\"BreadcrumbList\",\"@id\":\"https:\/\/zegoodframe.re\/index.php\/mentions-legales\/#breadcrumb\",\"itemListElement\":[{\"@type\":\"ListItem\",\"position\":1,\"name\":\"Accueil\",\"item\":\"https:\/\/zegoodframe.re\/\"},{\"@type\":\"ListItem\",\"position\":2,\"name\":\"Mentions L\u00e9gales\"}]},{\"@type\":\"WebSite\",\"@id\":\"https:\/\/zegoodframe.re\/#website\",\"url\":\"https:\/\/zegoodframe.re\/\",\"name\":\"ZegoodFrame\",\"description\":\"Fa\u00e7onnez votre image,  marquez les esprits.\",\"publisher\":{\"@id\":\"https:\/\/zegoodframe.re\/#organization\"},\"potentialAction\":[{\"@type\":\"SearchAction\",\"target\":{\"@type\":\"EntryPoint\",\"urlTemplate\":\"https:\/\/zegoodframe.re\/?s={search_term_string}\"},\"query-input\":{\"@type\":\"PropertyValueSpecification\",\"valueRequired\":true,\"valueName\":\"search_term_string\"}}],\"inLanguage\":\"fr-FR\"},{\"@type\":\"Organization\",\"@id\":\"https:\/\/zegoodframe.re\/#organization\",\"name\":\"ZegoodFrame\",\"url\":\"https:\/\/zegoodframe.re\/\",\"logo\":{\"@type\":\"ImageObject\",\"inLanguage\":\"fr-FR\",\"@id\":\"https:\/\/zegoodframe.re\/#\/schema\/logo\/image\/\",\"url\":\"https:\/\/zegoodframe.re\/wp-content\/uploads\/2025\/03\/logo_blanc.svg\",\"contentUrl\":\"https:\/\/zegoodframe.re\/wp-content\/uploads\/2025\/03\/logo_blanc.svg\",\"width\":100,\"height\":100,\"caption\":\"ZegoodFrame\"},\"image\":{\"@id\":\"https:\/\/zegoodframe.re\/#\/schema\/logo\/image\/\"}}]}<\/script>\n<!-- \/ Yoast SEO plugin. -->","yoast_head_json":{"title":"Mentions L\u00e9gales - ZegoodFrame","robots":{"index":"index","follow":"follow","max-snippet":"max-snippet:-1","max-image-preview":"max-image-preview:large","max-video-preview":"max-video-preview:-1"},"canonical":"https:\/\/zegoodframe.re\/index.php\/mentions-legales\/","og_locale":"fr_FR","og_type":"article","og_title":"Mentions L\u00e9gales - ZegoodFrame","og_description":"1. \u00c9diteur du site Le pr\u00e9sent site est \u00e9dit\u00e9 par :Nom ou raison sociale : THERY THERY ETHEVEForme juridique : Entrepreneur individuelNum\u00e9ro SIRET ou RCS : 91380078500010Responsable de la publication : ETHEVE Th\u00e9ry 2. H\u00e9bergement Le site est h\u00e9berg\u00e9 par :Nom de l\u2019h\u00e9bergeur : OVHAdresse postale de l\u2019h\u00e9bergeur : Si\u00e8ge social : 2 rue Kellermann [&hellip;]","og_url":"https:\/\/zegoodframe.re\/index.php\/mentions-legales\/","og_site_name":"ZegoodFrame","article_modified_time":"2025-11-18T20:35:28+00:00","og_image":[{"width":875,"height":445,"url":"https:\/\/zegoodframe.re\/wp-content\/uploads\/2025\/03\/logo_noir.png","type":"image\/png"}],"twitter_card":"summary_large_image","twitter_misc":{"Dur\u00e9e de lecture estim\u00e9e":"1 minute"},"schema":{"@context":"https:\/\/schema.org","@graph":[{"@type":"WebPage","@id":"https:\/\/zegoodframe.re\/index.php\/mentions-legales\/","url":"https:\/\/zegoodframe.re\/index.php\/mentions-legales\/","name":"Mentions L\u00e9gales - ZegoodFrame","isPartOf":{"@id":"https:\/\/zegoodframe.re\/#website"},"datePublished":"2025-07-29T13:23:59+00:00","dateModified":"2025-11-18T20:35:28+00:00","breadcrumb":{"@id":"https:\/\/zegoodframe.re\/index.php\/mentions-legales\/#breadcrumb"},"inLanguage":"fr-FR","potentialAction":[{"@type":"ReadAction","target":["https:\/\/zegoodframe.re\/index.php\/mentions-legales\/"]}]},{"@type":"BreadcrumbList","@id":"https:\/\/zegoodframe.re\/index.php\/mentions-legales\/#breadcrumb","itemListElement":[{"@type":"ListItem","position":1,"name":"Accueil","item":"https:\/\/zegoodframe.re\/"},{"@type":"ListItem","position":2,"name":"Mentions L\u00e9gales"}]},{"@type":"WebSite","@id":"https:\/\/zegoodframe.re\/#website","url":"https:\/\/zegoodframe.re\/","name":"ZegoodFrame","description":"Fa\u00e7onnez votre image,  marquez les esprits.","publisher":{"@id":"https:\/\/zegoodframe.re\/#organization"},"potentialAction":[{"@type":"SearchAction","target":{"@type":"EntryPoint","urlTemplate":"https:\/\/zegoodframe.re\/?s={search_term_string}"},"query-input":{"@type":"PropertyValueSpecification","valueRequired":true,"valueName":"search_term_string"}}],"inLanguage":"fr-FR"},{"@type":"Organization","@id":"https:\/\/zegoodframe.re\/#organization","name":"ZegoodFrame","url":"https:\/\/zegoodframe.re\/","logo":{"@type":"ImageObject","inLanguage":"fr-FR","@id":"https:\/\/zegoodframe.re\/#\/schema\/logo\/image\/","url":"https:\/\/zegoodframe.re\/wp-content\/uploads\/2025\/03\/logo_blanc.svg","contentUrl":"https:\/\/zegoodframe.re\/wp-content\/uploads\/2025\/03\/logo_blanc.svg","width":100,"height":100,"caption":"ZegoodFrame"},"image":{"@id":"https:\/\/zegoodframe.re\/#\/schema\/logo\/image\/"}}]}},"_links":{"self":[{"href":"https:\/\/zegoodframe.re\/index.php\/wp-json\/wp\/v2\/pages\/759","targetHints":{"allow":["GET"]}}],"collection":[{"href":"https:\/\/zegoodframe.re\/index.php\/wp-json\/wp\/v2\/pages"}],"about":[{"href":"https:\/\/zegoodframe.re\/index.php\/wp-json\/wp\/v2\/types\/page"}],"author":[{"embeddable":true,"href":"https:\/\/zegoodframe.re\/index.php\/wp-json\/wp\/v2\/users\/1"}],"replies":[{"embeddable":true,"href":"https:\/\/zegoodframe.re\/index.php\/wp-json\/wp\/v2\/comments?post=759"}],"version-history":[{"count":2,"href":"https:\/\/zegoodframe.re\/index.php\/wp-json\/wp\/v2\/pages\/759\/revisions"}],"predecessor-version":[{"id":922,"href":"https:\/\/zegoodframe.re\/index.php\/wp-json\/wp\/v2\/pages\/759\/revisions\/922"}],"wp:attachment":[{"href":"https:\/\/zegoodframe.re\/index.php\/wp-json\/wp\/v2\/media?parent=759"}],"curies":[{"name":"wp","href":"https:\/\/api.w.org\/{rel}","templated":true}]}}